{"id":84,"date":"2020-08-14T13:50:22","date_gmt":"2020-08-14T11:50:22","guid":{"rendered":"http:\/\/www.christian-weixler.at\/?page_id=84"},"modified":"2021-04-30T08:16:00","modified_gmt":"2021-04-30T06:16:00","slug":"impressum","status":"publish","type":"page","link":"https:\/\/www.christian-weixler.at\/?page_id=84","title":{"rendered":"Impressum"},"content":{"rendered":"\n<p>Christian Weixler<br>Getreidestra\u00dfe 6<br>9560 Feldkirchen in K\u00e4rnten<br>Austria<br><br>Sportwissenschaftler<br>Lebens- und Sozialberater (sportwissenschaftlicher Berater)<\/p>\n\n\n\n<p>Tel: +43 660 65 67 608<br>Email: office@christian-weixler.at<\/p>\n\n\n\n<p>Mitglied der WK\u00d6<\/p>\n\n\n\n<p>Berufsrecht: Gewerbeordnung: www.ris.bka.gv.at<\/p>\n\n\n\n<p>Aufsichtsbeh\u00f6rde\/Gewerbebeh\u00f6rde: Bezirkshauptmannschaft Feldkirchen<\/p>\n\n\n\n<p>BSc MSc Pr\u00fcfung abgelegt an der Karl-Franzens-Universit\u00e4t in Graz<br>Verleihungsstaat: \u00d6sterreich<\/p>\n\n\n\n<p>Verbraucher haben die M\u00f6glichkeit, Beschwerden an die Online-Streitbeilegungsplattform der EU zu richten: http:\/\/ec.europa.eu\/odr. Sie k\u00f6nnen allf\u00e4llige Beschwerde auch an die oben angegebene E-Mail-Adresse richten.<\/p>\n\n\n\n<p><strong>Urheberrechtshinweis<\/strong><\/p>\n\n\n\n<p>Alle Inhalte dieser Webseite (Bilder, Fotos, Texte, Videos) unterliegen dem Urheberrecht. Falls notwendig, werden wir die unerlaubte Nutzung von Teilen der Inhalte unserer Seite rechtlich verfolgen.<\/p>\n\n\n\n<p><strong>Bildernachweis<\/strong><\/p>\n\n\n\n<p>Die Bilder, Fotos und Grafiken auf dieser Webseite sind urheberrechtlich gesch\u00fctzt.<\/p>\n","protected":false},"excerpt":{"rendered":"<p>Christian WeixlerGetreidestra\u00dfe 69560 Feldkirchen in K\u00e4rntenAustria SportwissenschaftlerLebens- und Sozialberater (sportwissenschaftlicher Berater) Tel: +43 660 65 67 608Email: office@christian-weixler.at Mitglied der WK\u00d6 Berufsrecht: Gewerbeordnung: www.ris.bka.gv.at Aufsichtsbeh\u00f6rde\/Gewerbebeh\u00f6rde: [&#8230;]<\/p>\n","protected":false},"author":1,"featured_media":0,"parent":0,"menu_order":0,"comment_status":"closed","ping_status":"closed","template":"","meta":{"footnotes":""},"class_list":["post-84","page","type-page","status-publish","hentry"],"_links":{"self":[{"href":"https:\/\/www.christian-weixler.at\/index.php?rest_route=\/wp\/v2\/pages\/84","targetHints":{"allow":["GET"]}}],"collection":[{"href":"https:\/\/www.christian-weixler.at\/index.php?rest_route=\/wp\/v2\/pages"}],"about":[{"href":"https:\/\/www.christian-weixler.at\/index.php?rest_route=\/wp\/v2\/types\/page"}],"author":[{"embeddable":true,"href":"https:\/\/www.christian-weixler.at\/index.php?rest_route=\/wp\/v2\/users\/1"}],"replies":[{"embeddable":true,"href":"https:\/\/www.christian-weixler.at\/index.php?rest_route=%2Fwp%2Fv2%2Fcomments&post=84"}],"version-history":[{"count":9,"href":"https:\/\/www.christian-weixler.at\/index.php?rest_route=\/wp\/v2\/pages\/84\/revisions"}],"predecessor-version":[{"id":210,"href":"https:\/\/www.christian-weixler.at\/index.php?rest_route=\/wp\/v2\/pages\/84\/revisions\/210"}],"wp:attachment":[{"href":"https:\/\/www.christian-weixler.at\/index.php?rest_route=%2Fwp%2Fv2%2Fmedia&parent=84"}],"curies":[{"name":"wp","href":"https:\/\/api.w.org\/{rel}","templated":true}]}}